e the prime factors of 1204243?
1204243
List the prime factors of 16085630.
2, 5, 11, 257, 569
List the prime factors of 16475545.
5, 37, 89057
What are the prime factors of 19716407?
373, 52859
What are the prime factors of 2029135?
5, 405827
List the prime factors of 1141978.
2, 31, 113, 163
List the prime factors of 3071217.
3, 19, 53881
List the prime factors of 2186177.
7, 312311
What are the prime factors of 1745886?
2, 3, 43, 67, 101
What are the prime factors of 2511377?
11, 228307
What are the prime factors of 4152537?
3, 461393
What are the prime factors of 2031010?
2, 5, 83, 2447
What are the prime factors of 60711?
3, 7, 59
List the prime factors of 236777.
97, 2441
List the prime factors of 5860920.
2, 3, 5, 13, 17
List the prime factors of 476054.
2, 23, 79, 131
What are the prime factors of 380137?
17, 59, 379
List the prime factors of 1197938.
2, 7, 41, 2087
What are the prime factors of 308333?
308333
What are the prime factors of 1753570?
2, 5, 7, 13, 41, 47
What are the prime factors of 21292876?
2, 11, 483929
List the prime factors of 814808.
2, 179, 569
What are the prime factors of 23652163?
31, 762973
What are the prime factors of 302540?
2, 5, 7, 2161
What are the prime factors of 5124406?
2, 7, 366029
List the prime factors of 11859444.
2, 3, 23, 14323
List the prime factors of 2599696.
2, 11, 14771
What are the prime factors of 672708?
2, 3, 61, 919
What are the prime factors of 156883?
19, 23, 359
What are the prime factors of 1269641?
1269641
What are the prime factors of 627139?
627139
What are the prime factors of 1144681?
1144681
What are the prime factors of 12159540?
2, 3, 5, 43, 1571
List the prime factors of 4262333.
29, 146977
List the prime factors of 489372.
2, 3, 13, 3137
What are the prime factors of 522461?
17, 73, 421
What are the prime factors of 159626?
2, 79813
List the prime factors of 6188392.
2, 7, 59, 1873
List the prime factors of 159009.
3, 53003
What are the prime factors of 10791221?
7, 19, 67, 173
List the prime factors of 82825.
5, 3313
List the prime factors of 3005862.
2, 3, 500977
What are the prime factors of 286607?
29, 9883
What are the prime factors of 309906?
2, 3, 1913
What are the prime factors of 17295464?
2, 2161933
List the prime factors of 9027370.
2, 5, 11, 82067
What are the prime factors of 43378?
2, 23, 41
What are the prime factors of 171022?
2, 233, 367
List the prime factors of 8265236.
2, 7, 295187
What are the prime factors of 10664194?
2, 401, 13297
What are the prime factors of 1006907?
11, 239, 383
List the prime factors of 6946144.
2, 131, 1657
What are the prime factors of 6305619?
3, 2101873
What are the prime factors of 19621276?
2, 59, 71, 1171
List the prime factors of 319093.
319093
What are the prime factors of 17281910?
2, 5, 41, 61, 691
List the prime factors of 2558628.
2, 3, 53, 149
What are the prime factors of 212563?
13, 83, 197
What are the prime factors of 1789288?
2, 191, 1171
List the prime factors of 391558.
2, 29, 43, 157
List the prime factors of 1367151.
3, 455717
List the prime factors of 636152.
2, 11, 7229
List the prime factors of 2697071.
13, 15959
What are the prime factors of 56252?
2, 7, 41
List the prime factors of 1938944.
2, 7, 541
What are the prime factors of 4926928?
2, 19, 853
List the prime factors of 645085.
5, 7, 2633
List the prime factors of 2098320.
2, 3, 5, 7, 1249
What are the prime factors of 375388?
2, 13, 7219
List the prime factors of 96630.
2, 3, 5, 3221
What are the prime factors of 1857571?
1117, 1663
What are the prime factors of 23830432?
2, 744701
What are the prime factors of 376540?
2, 5, 67, 281
List the prime factors of 1152718.
2, 7, 137, 601
What are the prime factors of 650250?
2, 3, 5, 17
List the prime factors of 13552152.
2, 3, 23, 24551
What are the prime factors of 216532?
2, 54133
List the prime factors of 897669.
3, 33247
What are the prime factors of 49224?
2, 3, 7, 293
List the prime factors of 332407.
491, 677
List the prime factors of 154721.
7, 23, 31
List the prime factors of 2515144.
2, 19, 16547
What are the prime factors of 5641656?
2, 3, 235069
List the prime factors of 10832961.
3, 17, 212411
What are the prime factors of 227171?
7, 17, 23, 83
List the prime factors of 121455.
3, 5, 2699
What are the prime factors of 4832462?
2, 2416231
List the prime factors of 4678567.
4678567
What are the prime factors of 2387008?
2, 13, 19, 151
What are the prime factors of 265722?
2, 3, 67, 661
List the prime factors of 7559007.
3, 67, 37607
What are the prime factors of 644737?
433, 1489
What are the prime factors of 612018?
2, 3, 11, 281
List the prime factors of 266653.
97, 2749
List the prime factors of 514975.
5, 20599
What are the prime factors of 18056415?
3, 5, 13, 29, 31, 103
List the prime factors of 197344.
2, 7, 881
List the prime factors of 1216555.
5, 243311
List the prime factors of 1656040.
2, 5, 19, 2179
What are the prime factors of 1621612?
2, 19, 1123
What are the prime factors of 11131994?
2, 5565997
List the prime factors of 932950.
2, 5, 47, 397
List the prime factors of 2204414.
2, 107, 10301
What are the prime factors of 270725?
5, 7, 13, 17
What are the prime factors of 342542?
2, 171271
List the prime factors of 233643.
3, 19, 4099
What are the prime factors of 71689?
17, 4217
List the prime factors of 3317596.
2, 829399
What are the prime factors of 1058012?
2, 17, 15559
What are the prime factors of 1685740?
2, 5, 7, 12041
List the prime factors of 281116.
2, 11, 6389
What are the prime factors of 3263494?
2, 13, 31, 4049
What are the prime factors of 273672?
2, 3, 7, 181
What are the prime factors of 103878?
2, 3, 29, 199
List the prime factors of 1580044.
2, 101, 3911
What are the prime factors of 657961?
23, 28607
What are the prime factors of 1334179?
7, 11, 17327
What are the prime factors of 654392?
2, 81799
What are the prime factors of 3487857?
3, 1162619
What are the prime factors of 118851?
3, 173, 229
What are the prime factors of 8671949?
11, 13, 37, 149
What are the prime factors of 12661699?
12661699
What are the prime factors of 3480203?
29, 41, 2927
What are the prime factors of 839160?
2, 3, 5, 7, 37
List the prime factors of 247785.
3, 5, 16519
List the prime factors of 361154.
2, 359, 503
What are the prime factors of 205582?
2, 13, 7907
What are the prime factors of 3073950?
2, 3, 5, 11, 23
What are the prime factors of 37781501?
67, 607, 929
What are the prime factors of 267853?
41, 47, 139
List the prime factors of 395600.
2, 5, 23, 43
What are the prime factors of 21110448?
2, 3, 127, 3463
What are the prime factors of 4207209?
3, 73, 19211
What are the prime factors of 4142453?
7, 591779
What are the prime factors of 4071442?
2, 233, 8737
List the prime factors of 663881.
663881
List the prime factors of 4214739.
3, 941, 1493
What are the prime factors of 567319?
567319
What are the prime factors of 304769?
37, 8237
List the prime factors of 16329365.
5, 13, 251221
List the prime factors of 372730.
2, 5, 37273
List the prime factors of 16092512.
2, 283, 1777
List the prime factors of 27032689.
27032689
What are the prime factors of 112748?
2, 71, 397
List the prime factors of 302897.
7, 43271
List the prime factors of 9450787.
41, 230507
List the prime factors of 909201.
3, 37, 8191
What are the prime factors of 1402542?
2, 3, 19, 1367
List the prime factors of 245963.
245963
List the prime factors of 1236003.
3, 412001
What are the prime factors of 296493?
3, 23, 4297
What are the prime factors of 7608835?
5, 13, 19, 61, 101
List the prime factors of 1810535.
5, 362107
What are the prime factors of 724070?
2, 5, 61, 1187
What are the prime factors of 942303?
3, 41, 47, 163
What are the prime factors of 1447524?
2, 3, 13, 1031
What are the prime factors of 2477721?
3, 23, 149, 241
What are the prime factors of 11898694?
2, 5949347
What are the prime factors of 4755376?
2, 17, 17483
List the prime factors of 14355574.
2, 1223, 5869
List the prime factors of 535793.
535793
What are the prime factors of 17038077?
3, 7, 811337
List the prime factors of 1410736.
2, 37, 2383
List the prime factors of 3669841.
7, 17, 30839
List the prime factors of 10169126.
2, 11, 67, 6899
What are the prime factors of 101603?
101603
List the prime factors of 33